e 17*f + 67 + 69 = 0. Let i(m) be the second derivative of -5*m**3/6 - 35*m**2/2 + 3*m. Let p be i(f). What is the greatest common divisor of p and 15?
5
Let n(w) = -w**2 - 8*w + 2. Let h be n(-4). Suppose -o + 32 + h = 0. Suppose o - 128 = -6*s. What is the highest common divisor of 104 and s?
13
Suppose -a - 3*a = -3*p + 6, 5*a = -3*p + 6. What is the greatest common factor of p and 2866?
2
Suppose 0 = -5*s - 215 - 55. Let o = 56 + s. Suppose -o*z + 2*m = -30, -3*m + 8*m - 69 = -3*z. What is the greatest common factor of z and 18?
18
Let a be 16/(3 - 1177/396). Calculate the highest common divisor of 306 and a.
18
Let f = -19 - -31. Let c(x) = -x**3 + 9*x**2 - 9*x - 5. Let s = -109 - -116. Let i be c(s). What is the greatest common factor of f and i?
6
Suppose -2*v - 3*p = -1239, 26*p + 627 = v + 30*p. Calculate the highest common factor of v and 287.
41
Let o(b) = b**2 - 31*b - 172. Let r be o(-13). What is the greatest common factor of 48 and r?
16
Suppose 598 = -4*u - 1838. Let j = u - -1039. What is the highest common divisor of j and 258?
86
Let p be 3 + 3 + (4 - 5). Suppose -p*o - 15 = 3*d - 2*o, 0 = 3*d - 3*o - 3. Let v be (d - 100)*18/(-27). What is the highest common factor of v and 17?
17
Let d = 28 + -18. Let m(b) = -5*b**2 - 187*b + 1000. Let k be m(-42). Calculate the greatest common divisor of k and d.
2
Let s be 84/(-6) + 42394/47. What is the greatest common factor of 96 and s?
24
Suppose 6*o = o - 3*x + 760, 2*o = -5*x + 285. Suppose 4*a + 5*s - o = 0, s = a + 6*s - 50. Calculate the highest common factor of 35 and a.
35
Suppose -152*z = -5572 - 30452. Calculate the greatest common divisor of z and 93.
3
Let g(b) = 9*b + 129. Let a be g(4). Suppose 0*p + 10 = 5*p. Let w be (-1 + p)/((-2)/(-30)). Calculate the highest common factor of a and w.
15
Suppose 5*n - 5*b = 1295, -8*n + 6*n + 4*b = -520. Let k = -225 + n. What is the highest common divisor of k and 33?
33
Let g be 9/(-1)*(-4000)/75. Calculate the greatest common divisor of 228 and g.
12
Suppose 5*w = 4*w + 87. Let h be (-110)/(-30) + (-3097)/(-57). Calculate the highest common divisor of h and w.
29
Suppose x = z + 6, 6*x + 26 = z + 9*x. What is the highest common factor of 1430 and z?
2
Let g be (5 + 1/((18/3)/126))*3. Calculate the highest common factor of g and 494.
26
Suppose -5*n - 280 = 5*s, -4*n = -2*s - n - 102. Let d = 68 + s. Calculate the greatest common factor of d and 322.
14
Let a = 1537 + -1045. Calculate the highest common divisor of 12 and a.
12
Let u(x) = x**3 + x**2 - 9*x - 4. Let j be u(3). Suppose -j*g - 76 + 111 = 0. Suppose g*m + 15 = 295. What is the highest common divisor of m and 8?
8
Let a(l) = -l**2 - 19*l + 23. Let f be a(-10). Suppose -k + 3 = 104. Let c = k + f. What is the greatest common divisor of 12 and c?
12
Let g = -749 + 773. Let b be (-20364)/(-120) + g/80. Let m(a) = a**2 - 3*a - 8. Let i be m(6). What is the greatest common factor of b and i?
10
Let r = 41907 - 39317. What is the highest common divisor of r and 370?
370
Let c(s) = 2*s**2 + 20*s - 7. Suppose 5*b + m + 75 = 25, -17 = 2*b + m. Let v be c(b). Calculate the greatest common factor of 2 and v.
1
Let b(p) = 112*p - 490. Let n be b(5). What is the highest common factor of n and 336?
14
Let u = -416 - -722. Calculate the greatest common factor of 374 and u.
34
Suppose -329*r + 342*r = 3003. Calculate the greatest common factor of r and 143.
11
Let o(t) = -14*t**3 + 6*t**2 - t - 3. Let h be o(-1). Calculate the highest common divisor of 54 and h.
18
Suppose 0 = 3*y - 5*y + 778. Suppose 21*q - 346 = y. Calculate the greatest common divisor of 91 and q.
7
Let b = -273 + 279. Suppose 5*x + 5*f - 555 = 0, 4*x + 228 = b*x - 4*f. Calculate the highest common factor of x and 16.
16
Let m(b) = 14*b + 66. Let o be m(-3). Let p be -2 + 129/(4/(32/12)). What is the greatest common divisor of o and p?
12
Let a(d) = -d**3 - 8*d**2 + 8*d - 3. Let v be a(-9). Suppose v*f + 15 = 11*f. Suppose 35 = f*l + 2. Calculate the highest common factor of l and 11.
11
Suppose 0 = 28*n - 51902 - 60994. Suppose -28*f = -46*f + n. Calculate the greatest common divisor of 32 and f.
32
Suppose -4*t + 1222 = -66. Suppose -2*o - 2*y + 6*y + t = 0, 2*o = -y + 317. What is the highest common divisor of o and 212?
53
Suppose 0 = -y + 4*f + 62, -4*y - 2*f = 2*f - 128. Let p(t) = 2*t - 14. Let k be p(11). Calculate the highest common divisor of k and y.
2
Let m be (3/(-39)*-2 - (-1080)/78) + 5. What is the greatest common factor of 323 and m?
19
Suppose -2*k - 5*p - 26 = 0, 0 = -2*k - p - 89 + 95. Calculate the greatest common divisor of k and 175.
7
Let b(q) = 7*q + 53. Let n be b(11). Suppose 2*k - 4*u - 7 = 1, -29 = -2*k - 3*u. Calculate the highest common factor of k and n.
10
Suppose -2*p - 3*w - 183 = 0, 10*p + 445 = 5*p - 5*w. Let f be ((-34)/(-4) + 2)/(14/p). Let b = 79 + f. Calculate the greatest common divisor of b and 48.
16
Let q be 456/(-57)*(1/1)/(-4). Suppose -45 = -z + 8*f - 7*f, -q*z + 5*f = -93. Let v be (4/2 - 2) + 44. What is the greatest common factor of v and z?
44
Let r = -656 - -644. Let x be -48*6*(-5 - 18/r). Calculate the highest common divisor of x and 24.
24
Suppose -3*o - 6 = -s + 2, 2*s + 3*o + 2 = 0. Let k = 28 + -9. Suppose s*y - 3*y = -k. Calculate the greatest common factor of 57 and y.
19
Let a = 1277 - -1590. What is the highest common divisor of 183 and a?
61
Let x(t) = 4*t**3 + 27*t**2 + 15*t - 9. Let c be x(-6). Calculate the highest common divisor of 31041 and c.
9
Let p be 9/3 + -1 + 3. Let q = 31 + p. Let x = q - 4. What is the highest common divisor of x and 96?
32
Let r be 5/((-25)/(-112))*5. Suppose 0 = 3*b + 3*w - 9, 5*w - 1 = -b - 10. Suppose r = 2*v + b*v. What is the greatest common divisor of v and 2?
2
Let b = 8838 - 4502. What is the highest common divisor of b and 32?
16
Let d = 3609 - 3562. Calculate the highest common factor of d and 3008.
47
Suppose -3*k = 4*s - 9 - 14, 4*k - 19 = -3*s. Let o be 8/s*300/8. Suppose y + 3*y + 4*b - o = 0, -4 = -b. Calculate the highest common factor of 99 and y.
11
Let d(t) = -11*t - 8*t**2 + 10*t**2 + 0 + 9. Let m be d(5). Suppose -96 = f - m*f. What is the highest common divisor of 80 and f?
16
Suppose 3*b + 4*i - 8607 = i, 3*i = -4*b + 11479. Let t be (-3)/(-4 - b/(-720)). What is the greatest common factor of t and 90?
90
Let y(r) be the first derivative of 5*r**2 + 20 - 1/3*r**3 - 6*r. Let n be y(7). Calculate the greatest common divisor of 30 and n.
15
Suppose 0 = -2*w - 6, w = 5*i - 19 - 19. Let k = 10 - i. Suppose -2*z = -2*n + 8, 27 = k*n + 6*z - 4*z. What is the greatest common factor of 49 and n?
7
Let t = 30 - 14. Suppose 90*d - x - 95 = 87*d, 0 = -d - 4*x + 10. Suppose -11*w + t*w = d. What is the highest common factor of w and 72?
6
Let b be ((-136)/170 - (-150536)/70) + (-12)/(-42). What is the highest common divisor of 550 and b?
50
Let o(n) = -5*n**3 - n**2 - 9*n - 19. Let p be o(-2). Let x = -42 - -19. Let i = x + p. Calculate the greatest common factor of 12 and i.
12
Let p be 2 - -4 - (3 + -5)*1. Suppose -260 = -p*z + 4*z. Suppose 5*g = -20 + z. Calculate the greatest common factor of 36 and g.
9
Let q(i) = i**3 + 17*i**2 - 1118*i + 18. Let n be q(-43). Calculate the greatest common divisor of 69 and n.
3
Suppose 9*n + 26*n - 37806 = 35939. What is the highest common factor of 172 and n?
43
Let g(x) = -x**3 + 10*x**2 + 18*x - 24. Let y be g(11). Suppose -47*m = -y*m + 54. Suppose l - m*l + 184 = 0. Calculate the highest common divisor of 207 and l.
23
Let c = 65 - 62. Suppose 2*y = 3*y - 3*l - 6, -c*y + 14 = -5*l. Calculate the greatest common factor of 27 and y.
3
Let l(g) = -102*g - 2659. Let o be l(-32). Calculate the highest common factor of o and 1155.
55
Let n be ((-12)/9)/((-4)/18). Let t = -177 + 170. Let v be (108/(-126))/(1/t). What is the highest common divisor of n and v?
6
Let f be ((-12)/10)/((-150)/19250). Let k = 15 - -7. What is the greatest common divisor of k and f?
22
Suppose 4*k = -3*g + 86, 12*k - 13*k + 5 = 0. Calculate the highest common divisor of 253 and g.
11
Let w = -16548 + 16592. Let g(n) = 23*n**2 - 2*n - 2. Let t be g(-4). Calculate the highest common factor of w and t.
22
Let v = 1534 - 840. Let d = v - 649. What is the greatest common divisor of 60 and d?
15
Suppo